{"id":16,"date":"2026-02-21T18:47:38","date_gmt":"2026-02-21T17:47:38","guid":{"rendered":"https:\/\/www.xslip.de\/x\/?page_id=16"},"modified":"2026-02-22T17:42:44","modified_gmt":"2026-02-22T16:42:44","slug":"widerrufsbelehrung","status":"publish","type":"page","link":"https:\/\/www.xslip.de\/x\/widerrufsbelehrung\/","title":{"rendered":"Widerrufsbelehrung"},"content":{"rendered":"<h2 data-start=\"2347\" data-end=\"2374\"><strong data-start=\"2350\" data-end=\"2372\">Widerrufsbelehrung<\/strong><\/h2>\n<h3 data-start=\"2376\" data-end=\"2394\">Widerrufsrecht<\/h3>\n<ul data-start=\"2395\" data-end=\"2694\">\n<li data-start=\"2395\" data-end=\"2587\">\n<p data-start=\"2397\" data-end=\"2587\">Du hast das Recht, innerhalb von <strong data-start=\"2430\" data-end=\"2442\">14 Tagen<\/strong> ohne Angabe von Gr\u00fcnden einen Vertrag zu widerrufen, <strong data-start=\"2496\" data-end=\"2584\">sofern es sich um physische Produkte handelt, die nicht genutzt oder besch\u00e4digt sind<\/strong>.<\/p>\n<\/li>\n<li data-start=\"2588\" data-end=\"2694\">\n<p data-start=\"2590\" data-end=\"2694\"><strong data-start=\"2590\" data-end=\"2605\">Ausschluss:<\/strong> Getragene Kleidung, Unterw\u00e4sche, digitale Inhalte (Bilder, Clips) nach Bereitstellung.<\/p>\n<\/li>\n<\/ul>\n<h3 data-start=\"2696\" data-end=\"2714\">Widerrufsfrist<\/h3>\n<ul data-start=\"2715\" data-end=\"2760\">\n<li data-start=\"2715\" data-end=\"2760\">\n<p data-start=\"2717\" data-end=\"2760\">Die Frist beginnt <strong data-start=\"2735\" data-end=\"2757\">ab Erhalt der Ware<\/strong>.<\/p>\n<\/li>\n<\/ul>\n<h3 data-start=\"2762\" data-end=\"2781\">Widerrufsfolgen<\/h3>\n<ul data-start=\"2782\" data-end=\"2943\">\n<li data-start=\"2782\" data-end=\"2861\">\n<p data-start=\"2784\" data-end=\"2861\">Im Falle eines wirksamen Widerrufs erstatten wir den Kaufpreis \u00fcber PayPal.<\/p>\n<\/li>\n<li data-start=\"2862\" data-end=\"2943\">\n<p data-start=\"2864\" data-end=\"2943\">Versandkosten werden nur bei nachweislich fehlerhaften Lieferungen erstattet.<\/p>\n<\/li>\n<\/ul>\n<h3 data-start=\"2945\" data-end=\"2969\">Kontakt f\u00fcr Widerruf<\/h3>\n<p data-start=\"2970\" data-end=\"3061\"><strong data-start=\"2970\" data-end=\"2994\">XSlip c\/o XHeaven.de<\/strong><br data-start=\"2994\" data-end=\"2997\" \/>Hafenstra\u00dfe 48<br data-start=\"3011\" data-end=\"3014\" \/>27576 Bremerhaven<br data-start=\"3031\" data-end=\"3034\" \/><strong data-start=\"3034\" data-end=\"3045\">E-Mail:<\/strong> <a class=\"decorated-link\" href=\"mailto:shop@xslip.de\" rel=\"noopener\" data-start=\"3046\" data-end=\"3059\">shop@xslip.de<\/a><\/p>\n","protected":false},"excerpt":{"rendered":"<p>Widerrufsbelehrung Widerrufsrecht Du hast das Recht, innerhalb von 14 Tagen ohne Angabe von Gr\u00fcnden einen Vertrag zu widerrufen, sofern es sich um physische Produkte handelt, die nicht genutzt oder besch\u00e4digt sind. Ausschluss: Getragene Kleidung, Unterw\u00e4sche, digitale Inhalte (Bilder, Clips) nach Bereitstellung. Widerrufsfrist Die Frist beginnt ab Erhalt der Ware. Widerrufsfolgen Im Falle eines wirksamen Widerrufs [&hellip;]<\/p>\n","protected":false},"author":1,"featured_media":0,"parent":0,"menu_order":0,"comment_status":"closed","ping_status":"closed","template":"","meta":{"footnotes":""},"class_list":["post-16","page","type-page","status-publish","hentry"],"_links":{"self":[{"href":"https:\/\/www.xslip.de\/x\/wp-json\/wp\/v2\/pages\/16","targetHints":{"allow":["GET"]}}],"collection":[{"href":"https:\/\/www.xslip.de\/x\/wp-json\/wp\/v2\/pages"}],"about":[{"href":"https:\/\/www.xslip.de\/x\/wp-json\/wp\/v2\/types\/page"}],"author":[{"embeddable":true,"href":"https:\/\/www.xslip.de\/x\/wp-json\/wp\/v2\/users\/1"}],"replies":[{"embeddable":true,"href":"https:\/\/www.xslip.de\/x\/wp-json\/wp\/v2\/comments?post=16"}],"version-history":[{"count":0,"href":"https:\/\/www.xslip.de\/x\/wp-json\/wp\/v2\/pages\/16\/revisions"}],"wp:attachment":[{"href":"https:\/\/www.xslip.de\/x\/wp-json\/wp\/v2\/media?parent=16"}],"curies":[{"name":"wp","href":"https:\/\/api.w.org\/{rel}","templated":true}]}}