{"id":638,"date":"2026-02-10T23:53:13","date_gmt":"2026-02-10T22:53:13","guid":{"rendered":"https:\/\/www.xslip.de\/x\/produkt\/duschen-mit-telefonanruf\/"},"modified":"2026-03-13T15:27:48","modified_gmt":"2026-03-13T14:27:48","slug":"duschen-mit-telefonanruf","status":"publish","type":"product","link":"https:\/\/www.xslip.de\/x\/produkt\/duschen-mit-telefonanruf\/","title":{"rendered":"Duschen &#8211; mit Telefonanruf"},"content":{"rendered":"<p>Da bin ich so sch\u00f6n am duschen, weil ich danach meinem Dom mehr als nur verw\u00f6hnen will &#8211; da klingelt doch glatt das Telefon.<br \/>\nDanach gehts dann mit dem duschen weiter. \u00dcberall gr\u00fcndlich einseifen und absp\u00fclen.<br \/>\nDu willst die hei\u00dfen, nassen und lustigen 7 Minuten zuschauen? Mith\u00f6ren? Hei\u00df werden?<\/p>\n<p>Du wei\u00dft was du machen musst und dann bekommst den downloadlink von mir!<\/p>\n","protected":false},"excerpt":{"rendered":"<p>Unter der Dusche zwischendurch mal eben telefonieren&#8230;<\/p>\n","protected":false},"featured_media":634,"comment_status":"open","ping_status":"closed","template":"","meta":[],"product_brand":[],"product_cat":[98],"product_tag":[143,142,141],"class_list":{"0":"post-638","1":"product","2":"type-product","3":"status-publish","4":"has-post-thumbnail","6":"product_cat-dundi","7":"product_tag-boobs","8":"product_tag-booty","9":"product_tag-pussy","11":"first","12":"instock","13":"downloadable","14":"virtual","15":"purchasable","16":"product-type-simple"},"_links":{"self":[{"href":"https:\/\/www.xslip.de\/x\/wp-json\/wp\/v2\/product\/638","targetHints":{"allow":["GET"]}}],"collection":[{"href":"https:\/\/www.xslip.de\/x\/wp-json\/wp\/v2\/product"}],"about":[{"href":"https:\/\/www.xslip.de\/x\/wp-json\/wp\/v2\/types\/product"}],"replies":[{"embeddable":true,"href":"https:\/\/www.xslip.de\/x\/wp-json\/wp\/v2\/comments?post=638"}],"wp:featuredmedia":[{"embeddable":true,"href":"https:\/\/www.xslip.de\/x\/wp-json\/wp\/v2\/media\/634"}],"wp:attachment":[{"href":"https:\/\/www.xslip.de\/x\/wp-json\/wp\/v2\/media?parent=638"}],"wp:term":[{"taxonomy":"product_brand","embeddable":true,"href":"https:\/\/www.xslip.de\/x\/wp-json\/wp\/v2\/product_brand?post=638"},{"taxonomy":"product_cat","embeddable":true,"href":"https:\/\/www.xslip.de\/x\/wp-json\/wp\/v2\/product_cat?post=638"},{"taxonomy":"product_tag","embeddable":true,"href":"https:\/\/www.xslip.de\/x\/wp-json\/wp\/v2\/product_tag?post=638"}],"curies":[{"name":"wp","href":"https:\/\/api.w.org\/{rel}","templated":true}]}}